t of v/(-25) + 28/10?
3
Let r(y) = 2*y**2 - 21*y + 4. Let m be r(14). Let q = m - 73. What is the units digit of q?
9
Let d be (-13)/3 + (-8)/12. What is the units digit of (d + 0)*(-3)/5?
3
Let x(h) = 8*h**3 - 2*h**2 + 2*h - 1. Let d be x(1). Let o = d + -1. What is the units digit of o?
6
Let d(g) = -g**3 + 14*g**2 + 17*g - 10. What is the tens digit of d(15)?
2
Let u = 5 - 3. Suppose g + 11 = u*g. What is the tens digit of g?
1
Let u be (-354)/(-18) - (-2)/6. Let b = -7 + u. What is the units digit of b?
3
Let m = 59 - 41. Suppose -5*g = -2*g - m. What is the units digit of g?
6
Suppose 2*l - 144 = 12. What is the tens digit of l?
7
Suppose 2*a + 3*a = 5, -4*a = -5*c + 1. Suppose q - c = 4. Suppose 0 = -q*i - 9 + 24. What is the units digit of i?
3
Let g(v) = 2*v - 2. Let x be (18/21)/((-2)/(-28)). Let n be x/8*(-8)/(-3). What is the units digit of g(n)?
6
Let l be (-6)/5*20/(-6). Let d be l/(-6)*(3 - 6). Suppose -6*s - 19 = -j - 3*s, -2*j - d*s + 14 = 0. What is the tens digit of j?
1
Let g = -8 + 12. Suppose g*o - 6 = 2*o. Suppose -25 = -o*i - 7. What is the units digit of i?
6
Let k be (6/(-4))/(18/24). What is the units digit of (k/(-4))/((-2)/(-120))?
0
Let i(g) = -g**3 - 9*g**2 + 7*g - 10. Let j be i(-10). Suppose -3*c + 2*c = 7. Let z = c + j. What is the units digit of z?
3
Suppose -3*x - 2*y + 431 = 0, 0*y + 3*y = -3*x + 435. What is the units digit of x?
1
Let y(s) = s**3 + 3*s**2 - s - 1. Let f be y(-3). Suppose -p + 11 = p - r, -f*p = 4*r - 6. Let m(k) = -k**3 + 5*k**2 + k - 1. What is the units digit of m(p)?
4
Let b = 4 - 10. Let m = b + 11. What is the units digit of ((-2)/(-2))/(m/20)?
4
Suppose 0 = 2*n + n. Suppose k = -n + 3. Suppose -k*b + 1 = -o, -8*b - o = -3*b - 15. What is the units digit of b?
2
Suppose -5 = -3*l - 2. Suppose -79 = -2*f + l. What is the tens digit of f?
4
Suppose 2*q + 27 - 79 = 0. Let f = q - 18. What is the units digit of f?
8
What is the units digit of -10*(3 + (-19 - -4))?
0
Let z = -707 - -1047. What is the tens digit of z?
4
Let w(d) = -d**3 - 8*d**2 - d + 4. Let c be w(-8). Let t be 3/2*c/9. Suppose t*b = 2 + 2. What is the units digit of b?
2
Let h(m) = -m**3 - 3*m**2 - 2*m - 4. Let s be h(-3). Let z = 8 - 6. Suppose -5*r + 22 = -s*r + z*v, 0 = 2*r - v - 24. What is the units digit of r?
0
Let m be 13/2 - 2/4. Let n = 2 - m. Let x = n + 6. What is the units digit of x?
2
Suppose 3*h - 522 = 300. Let d be 8/24 + h/6. Suppose -2*x - 144 = -5*g - d, 0 = -2*x + 2. What is the tens digit of g?
2
Suppose -6*j + 82 = -4*j. What is the tens digit of j?
4
Suppose 33*v = 37*v - 196. What is the units digit of v?
9
Let b(w) = 2*w**3 - 6*w**2 + 3*w - 1. What is the units digit of b(4)?
3
Let t(z) = z + 3. Let x(o) = -o**2 + 17*o - 20. Let g be x(14). Suppose -3*l + 21 = 3*y, -4*l + 0*l - y + g = 0. What is the units digit of t(l)?
8
Let s = -17 + -1. What is the units digit of (1/(-3))/(6/s)?
1
Suppose 0 = -5*k + 3*k + 4. Suppose -12 = -5*h + k*h. Suppose 8*f - 36 = h*f. What is the units digit of f?
9
Let t(u) = 26*u + 26. What is the units digit of t(5)?
6
Let p(m) be the first derivative of m**4/4 + 2*m**3 - 7*m**2/2 + 6*m - 2. Let k be p(-7). What is the units digit of 174/18 - (-2)/k?
0
Let j(q) = q + 13. Let l be j(-12). Suppose -25 = -s + 5*w, -4*s = -5*w - 17 - 23. Suppose m - l = s. What is the units digit of m?
6
Suppose 4*u + 21 = 7*u. Let t = -2 - -1. Let j = u - t. What is the units digit of j?
8
What is the units digit of 56/(-3)*(-5)/(20/36)?
8
Let t(f) = -f**2 - 14*f - 3. Let x be t(-14). What is the units digit of (x + -1)/((-6)/9)?
6
Let y = 11 + -20. Let t = -2 - y. What is the units digit of t?
7
Let u = -7 - -10. Suppose -39 = -u*x + 15. What is the units digit of x?
8
Suppose 13 = -2*v + 17. What is the units digit of v?
2
Let d = -5 + 7. Suppose 1 = 3*q - d. What is the units digit of (4 + -3)*(2 + q)?
3
Suppose 3*j = -j + 4. What is the units digit of j?
1
Suppose 0 = 3*z - 4*c + 1, 3 = -2*z + 5*c - 0. Let m = -1 + z. Suppose m = 2*a + 1 - 13. What is the units digit of a?
6
Suppose -6*c - 62 = -572. What is the units digit of c?
5
Let w = -6 + 79. What is the tens digit of w?
7
Suppose -5 = 3*q - 17. Suppose 5*n + 76 = q*d, -4 + 58 = 5*d + 4*n. What is the tens digit of d?
1
Suppose -2*z + 7*z = -25, 2*i = z + 7. What is the units digit of 0 + (3 - (i + 0))?
2
Let f = 23 + -38. Let j = 22 + f. What is the units digit of j?
7
Suppose -2*h - 5*g + 14 = 0, -5*g + 6 = h - 3*h. Suppose 5*q - h = 8. Let d(v) = 5*v**2 - 2*v. What is the units digit of d(q)?
6
Let p(f) = 5*f**3 - f**2 + f. Let t be p(1). Suppose -a = -t*w, 0 = a + w + w. Suppose 48 = 4*z - 4*q, 5*q = -a*z + 2*z - 39. What is the units digit of z?
7
Suppose d - 5 = 0, -z + d + 20 = 4*z. Let v be 2 + 4 + 2/(-1). Suppose 2*h + 4*k = 18, v*k = z*h - 8 - 9. What is the units digit of h?
5
Suppose 2*i - 3*g = 77, -5*i + 5*g = 3*g - 187. Suppose 5*z = 2*m - i, 0 = -3*m + z - 5*z + 44. What is the tens digit of m?
1
Suppose 0 = -0*a - 5*a + 165. What is the tens digit of a?
3
Suppose -3*s = 2*z + 5, s - 9 = 6*s + 4*z. Let w = s + 7. Suppose 0*i - w = -i. What is the units digit of i?
6
Let m be -10 + (-1)/2*-4. Let k(w) = -w**3 - 8*w**2 - w - 1. What is the units digit of k(m)?
7
Suppose -j = 3*k - 20, -4*k + 5*j - 2*j = -5. Let a = 6 - 4. Suppose 1 = -a*q + k. What is the units digit of q?
2
Let y(s) be the first derivative of s**3/3 + s**2 - 15*s + 1. What is the units digit of y(-7)?
0
Suppose -3*m - q - 154 = 0, 4*m + m - 3*q + 238 = 0. What is the units digit of 6/(-4)*m/15?
5
Suppose -847 = 5*q - 2762. What is the units digit of q?
3
Let x = 6 - 7. Let r(j) = 24*j**2. What is the tens digit of r(x)?
2
What is the units digit of 95/(-2)*(-24)/60?
9
Let n(g) = g**3 + 9*g**2 + 5*g - 5. What is the units digit of n(-8)?
9
Suppose -3*z - 2*z = -15. Suppose -z*s - 15 = -3*b, 4*s + 4 = -3*b + 5*b. Suppose k + 4 = 2*v, 2*v = 4*k - k - b. What is the units digit of k?
6
Let s(b) = 5*b**2 + 16*b - 2. What is the tens digit of s(-5)?
4
Suppose -5*k + 6*k = 34. What is the tens digit of k?
3
Let t(a) be the second derivative of 7*a**4/12 + 2*a. What is the units digit of t(-1)?
7
Let r(l) = -2*l - 4. Suppose -4*t + 40 = -i - 32, 0 = -5*t + i + 91. Suppose q + j + 7 = -0*j, 4*q + t = -j. What is the units digit of r(q)?
4
Let c(b) = -b**3 - 6*b**2 + 7 - 9*b - 12*b**2 + 29*b**2. Let l = -10 - -20. What is the tens digit of c(l)?
1
Suppose -7*d + 728 = -0*d. What is the units digit of d?
4
Let u = -1 + 8. What is the tens digit of -2 - 1 - (-21 - u)?
2
Let s be (20/(-12))/((-2)/(-6)). Let q(t) = t**3 + 4*t**2 - 6*t - 5. Let h be q(s). Suppose h = -b - 0*b + 5. What is the units digit of b?
5
Let a be (4/(-3))/((-2)/12). Let x be 210/8 + (-2)/a. Suppose 19 = 2*h + 2*h - s, 5*h = -s + x. What is the units digit of h?
5
Suppose 10 = -3*p - 5*q, 0*p + 3*q = 3*p - 6. Let x = p - -6. What is the units digit of x?
6
Suppose 0 = 3*u + 5*b - 55, 2*u + u + 3*b = 45. What is the tens digit of u?
1
Let f = 7 - -4. Let u be 2/4*16/2. Suppose f - 43 = -u*g. What is the units digit of g?
8
What is the units digit of ((-56)/(0 - -2))/((-14)/49)?
8
Suppose 3*v + 14 = 2*r, v = -5*r - 22 + 6. Let n = 0 - v. What is the units digit of n?
6
Let r be (-52)/(-12) + (-4)/(-6). Suppose 3*v = 4*h - 1, 2*h - r = -v - 2*h. What is the units digit of v?
1
Let k be 269 - (-2 - 1) - -1. What is the tens digit of (k/(-28))/((-3)/4)?
1
Suppose 0 = -4*x - 74 + 390. What is the units digit of x?
9
Suppose x - 124 = -19. What is the units digit of x?
5
Suppose -k - 4 = 3*k. Let c = k - -3. Suppose -7*g + 55 = -c*g. What is the units digit of g?
1
Let k = -51 + 142. What is the tens digit of k?
9
Let u(t) = 10*t + 1. Let k be u(-1). Let y = -5 - 2. Let q = y - k. What is the units digit of q?
2
What is the units digit of 2/1 - 20/(-5)?
6
What is the tens digit of (-15)/(-2)*154/21?
5
Let m = -3 + 5. Suppose -3*a = 6*y - m*y - 9, -a + y + 3 = 0. What is the units digit of a?
3
What is the units digit of ((-61 - -4) + -2)*-1?
9
Suppose 0 = t + 4*x + 14, 2*t + 3*x + 12 = -x. What is the tens digit of (-1 - -12) + 0 + t?
1
Let p(o) = -2*o + 6. Let r be 7 + (9/3)/(-3). Let q be p(r). Let z = q - -11. What is the units digit of z?
5
Let l = -1 - -14. What is the tens digit o